 - 11. Suppose -31 = -i*w + 35. Suppose 0 = w*t - 19*t - 87. What is the tens digit of t?
2
Let o(p) = p**3 - 13*p**2 + 18*p + 14. Let t be o(13). Let q = 125 - t. What is the units digit of 1/(-5) + q/(-15)?
8
What is the units digit of (-7 - -10)*(356/6)/1?
8
Let o be ((-530)/15)/((-4)/(-6)). Let j = -1 - o. What is the units digit of j?
2
Suppose 2*p - 8 = -2*y, -2*y - 2*p + 5 = 3*y. Suppose -2*w + 3*b + 2 = 6, 9 = 5*w + 2*b. Let t = w - y. What is the units digit of t?
2
Suppose -7*p + 3*p + 48 = 0. Let l be (2/(-4))/((-2)/p). Suppose -y + 5 = l. What is the units digit of y?
2
Let i(o) be the third derivative of 1/60*o**5 + 0 - 1/6*o**4 - o**3 + 0*o + 4*o**2. What is the tens digit of i(8)?
2
Let t(r) = r - 3. Suppose -5*j = -5*h, -2*h - 4 = -4*j + h. Let w be t(j). What is the tens digit of w + -1 + 2 + 34?
3
Let j = -12 - -15. Suppose -2*u + 3 = m, -j*u + 2 = 5*m + 1. Suppose 0*v + 28 = 2*v + 2*g, -u*v + 4*g + 4 = 0. What is the tens digit of v?
1
Let v(g) = 17*g + 6. Let y be v(-3). Let c = y + 71. What is the tens digit of c?
2
Let o(v) = -v**3 + v**3 - 10*v - 4 - v**3 + 9*v**2. Let i(k) = 54*k - 1128. Let c be i(21). What is the units digit of o(c)?
4
Let t = -23 + 58. Suppose 0 = y - t - 76. What is the hundreds digit of y?
1
Let d be (-60)/8*4/(-3). Suppose 4*a - d - 2 = 0. Suppose -y - 2*y = a*g - 150, g - 4*y - 25 = 0. What is the tens digit of g?
4
Suppose 37*w = 14*w + 44850. What is the thousands digit of w?
1
What is the hundreds digit of -6*4/(-180) + (-1723)/(-15)?
1
Let y = -7 + 11. Suppose -3*o + t = 3*t - 309, 3*t - 211 = -2*o. Suppose 3*n = -5*a + y*n + 112, -3*n + o = 4*a. What is the units digit of a?
3
Suppose 20 = 2*y + 4*c, 0 = -0*y - 2*y - 2*c + 18. Let j be 2/y + (-591)/(-4). Let n = 212 - j. What is the tens digit of n?
6
Let m be -181*(-1 - 0/(2/1)). Suppose -q + 2*t = -m, -2*q + 115 + 222 = t. What is the units digit of q?
1
Let j be (4 - 4)/(-4) + 20. What is the tens digit of (-30)/j*24/(-1)?
3
Let p(k) = 3 + 63*k + 9*k**2 + 61*k - 120*k. What is the units digit of p(-3)?
2
Suppose 0 = -0*u + u. Suppose -3*d - 5 + 22 = -2*j, 2*d + j - 9 = u. What is the units digit of d?
5
Let u = 996 + -757. What is the hundreds digit of u?
2
Let j = -3 - 16. Let b = -17 - j. Suppose -v + 11 = q, 1 = b*v - v - q. What is the units digit of v?
6
Let s(t) = -5*t - 20. Let h = 36 - 44. Let j be s(h). Let p = 49 - j. What is the units digit of p?
9
Suppose -2*r + g - 101 = -3*r, -2*r - 4*g = -202. Suppose 2*q + 199 = 4*q + 3*n, q - r = -n. What is the units digit of q?
4
Suppose 0*u + c = 2*u - 1503, 2*c + 759 = u. What is the units digit of u?
9
What is the hundreds digit of 605 + (0 - (6 - 3))?
6
What is the units digit of (-42)/77 + (-277319)/(-77)?
1
Suppose 123 = 4*v - 5*i - 430, 2*i = -2*v + 272. Suppose b - 123 - v = 0. What is the tens digit of b?
6
Let t(c) = c**3. Let x(w) = 4*w**3 - 5*w**2 + 4*w + 17. Let p(z) = 5*t(z) - x(z). What is the units digit of p(-5)?
3
What is the units digit of (-33)/(2145/(-28756)) + (-6)/(-10)?
3
What is the units digit of (-6 - -5)*1*(2 + -215)?
3
Let t be (-11)/(-2) + 1/(-2). Let j(x) = 2*x**2 + 3*x - 1. Let i be j(1). Suppose a - 1 = 4*s, 0 = a - t*s - i + 3. What is the units digit of a?
1
Let m(q) = q**3 - 17*q**2 + 6*q - 23. Let x(t) = 11*t - 5. Let u be x(2). What is the units digit of m(u)?
9
What is the hundreds digit of (9/4)/(6/400)?
1
Let y be -9 + 7 + (0 - -9). Let m be 1 - -1 - (y + 1). Let v(r) = -r**3 - 5*r**2 + 4*r. What is the tens digit of v(m)?
1
Suppose -4*s + 4*a = -404, s - 3*s = -4*a - 206. What is the units digit of s?
9
Let f(b) = 7*b**3 + b**2 - 2*b - 2. Let u be f(2). Suppose 2*x + 4*y = 3*y + 4, -3*y - 8 = -4*x. Suppose -a = x*a - u. What is the units digit of a?
8
What is the tens digit of 6320/30*(-3)/(-2)?
1
Let f = -33 + 90. Let n = -27 + f. What is the units digit of n?
0
Suppose -5*p = 4*f - 36, 2*p + 4*f - 20 = f. Let t be p + 1 + 1 - 0. What is the tens digit of (4/t)/(12/342)?
1
Suppose 0*f + 5*z + 213 = 2*f, 0 = 3*f - 4*z - 316. Suppose -f*q + 210 = -101*q. What is the units digit of q?
0
Suppose -2*x + 1 = -5*i - 9, -2*x + 3*i = -6. Suppose -4*y + x = 2*h - 52, -78 = -5*h + 3*y. What is the units digit of h?
8
Let z(f) = f + 12. Let o be z(4). Suppose -o*j = -20*j + 20. Suppose 0 = -j*v + v + 160. What is the units digit of v?
0
Suppose -w - 55 = -6*w. Suppose -v = -w - 36. What is the tens digit of v?
4
Let o be 14/63 + (-569)/9. Let y = o - -125. What is the units digit of y?
2
What is the units digit of 3084/54*-3*1*-3?
4
Let d = 12 + -10. Suppose -s - 2*s = v, d*s - 16 = 2*v. What is the units digit of (20/v)/(4/(-24))?
0
Let a be -8*1*(-2)/4. Suppose a - 1 = p. What is the units digit of (p/6)/(2/4)?
1
Suppose -3*k - 5*m + 32 = 0, -k - 8*m + 16 = -5*m. Suppose 41 = 5*j + 2*l, 19 = 5*j - 3*l - 7. Suppose -k*h + j + 93 = 0. What is the tens digit of h?
2
Suppose 5*j - 60 = 3*n, 3*j + 3*n + 4 - 16 = 0. Let g(a) = 5*a + 30. What is the tens digit of g(j)?
7
Let g = 2589 + -1060. What is the units digit of g?
9
Suppose p = -5*a + 19, a - 10 - 9 = -4*p. What is the units digit of 2 - (3 + a*-21)?
2
Let r(y) = -y**3 - 22*y**2 - 35*y - 73. What is the units digit of r(-27)?
7
Let l(t) = -3*t**2 + 30. Let i be l(8). Let y = 90 - i. What is the hundreds digit of y?
2
Suppose 0 = 4*o - 20, -z - 3*o + 230 = -208. What is the hundreds digit of z?
4
Let f(z) = -2*z - 13. Let h = -22 + 8. Let p be f(h). What is the units digit of (p/(-20))/((-1)/16)?
2
Suppose -d - a + 223 = 3*d, 3*a + 59 = d. Let q = -20 + d. What is the units digit of q?
6
Suppose 799*q - 802*q + 8346 = 0. What is the tens digit of q?
8
Let p(t) = -t**3 - 4*t**2 - 7*t - 12. Let c be p(-6). Suppose 4*x - 62 = c. What is the tens digit of x?
4
What is the hundreds digit of ((-1181)/2)/(3/(-6))?
1
Let r(t) = -109*t**2 + 5*t + 1. Let s(v) = -108*v**2 + 6*v + 1. Let w(g) = -5*r(g) + 4*s(g). What is the hundreds digit of w(1)?
1
Let g = 1783 - 495. Suppose -5*x - 2*x = -g. What is the hundreds digit of x?
1
Suppose -9*c = -7*c - 4. What is the units digit of 1 + 171/c - 9/(-6)?
8
Suppose 4*r - 4*m = 428, 245 = 4*r - 2*m - 173. Suppose -4*f + r = -2*d, 3*f - 4*d + 9*d = 44. What is the tens digit of f?
2
Suppose 2*n = -2*a - 18, 0*n + 4*n = -3*a - 39. What is the tens digit of n/(-3) + (15 - -4)?
2
Let v be 1/(-2) - 63/(-14). Let w be 6/v*(-10)/(-3). Suppose w*q - 215 = -40. What is the units digit of q?
5
What is the tens digit of -17 - -25 - (5 + -2909)?
1
Let f be 12/30 + 321/(-15). Let d(r) = -2*r - 2. Let g be d(-3). Let z = g - f. What is the tens digit of z?
2
Suppose 5*t = -c + 3*c - 33, 2*t = -6. What is the units digit of c?
9
Let a(l) be the third derivative of -l**4/24 - 2*l**3/3 + 2*l**2. Let b be a(-2). Let s = 43 + b. What is the tens digit of s?
4
Let a(l) = -l**3 + 34*l**2 + 48*l - 79. What is the units digit of a(30)?
1
Suppose 0 = 4*b - 5*h - 18384, 10*b - 8*b - 9194 = 2*h. What is the units digit of b?
1
Let s(m) = 3*m**3 - m**2 - 1. Let j be 1/((3/(-18))/1). Let q = j + 9. What is the tens digit of s(q)?
7
Let y = -9 - -14. Let j = -5 + 10. Suppose f - 19 = j*i, 0*f - y*i - 91 = -4*f. What is the units digit of f?
4
Suppose -2*c - 9 = 41. Let z = 55 + c. What is the units digit of z?
0
Suppose 0*k + 48 = -2*k. Let n = k + 13. What is the units digit of 0 + (3*n)/(-3)?
1
Suppose i - u = -267 + 1257, 0 = -3*i + 2*u + 2967. What is the units digit of i?
7
Suppose 4*q = 2*q + 32. Suppose 4*u = -3*h - 0*u + q, -1 = -u. Suppose h*d + x + 15 = 237, 5*d - 5*x = 265. What is the units digit of d?
5
Let i be ((-588*1)/(-3))/2. What is the tens digit of ((-84)/i)/(1/(-35))?
3
Let f = -50 - -144. Suppose 9 = -n + f. What is the units digit of n?
5
Suppose -5*j = -2*s + 143, 5*s + 5 = -0. Let i be (-4)/(-20) + j/(-5). Let l(u) = 4*u - 6. What is the units digit of l(i)?
8
Let f(t) be the third derivative of -t**4/12 + 9*t**3/2 + 5*t**2. Suppose 0 = -i - i + 16. What is the units digit of f(i)?
1
Let o be 200/14 + 8/(-28). Let h(w) = 63*w**2 - 64*w**2 - 15 + 16*w + 1. What is the units digit of h(o)?
4
Let x be 798 - (2 + (5 - 9/3)). Suppose 4*r = -3*h + 450, -9 = 5*h - 5*r - x. What is the units digit of h?
4
Suppose 8 = 2*g, -4*g + 23 = -4*u + 47. What is the tens digit of u?
1
Supp